{"id":16,"date":"2011-05-07T07:52:24","date_gmt":"2011-05-07T07:52:24","guid":{"rendered":"http:\/\/www.dojo-anshin-arts-martiaux.org\/wordpress\/?page_id=16"},"modified":"2023-12-28T18:13:01","modified_gmt":"2023-12-28T16:13:01","slug":"le-club","status":"publish","type":"page","link":"http:\/\/www.dojo-anshin-arts-martiaux.org\/wordpress\/le-club\/","title":{"rendered":"Le Club, les Professeurs"},"content":{"rendered":"<p>Le club est g\u00e9r\u00e9 par une association type 1901, avec pour objectifs:<\/p>\n<ul>\n<li>de d\u00e9velopper la pratique du J<b>udo<\/b>, du J<b>ujitsu<\/b>, disciplines sportives r\u00e9gies par la F.F.J.D.A (F\u00e9d\u00e9ration Fran\u00e7aise de Judo et Disciplines Associ\u00e9es),<\/li>\n<\/ul>\n<ul>\n<li>de promouvoir parmi ses membres le <b>respect<\/b> de l\u2019<b>\u00e9thique sportive<\/b> et l\u2019application des principes enseign\u00e9s par le <a href=\"#code_moral\">code moral du Judo<\/a>,<\/li>\n<\/ul>\n<ul>\n<li>de transmettre \u00e0 ses membres les principes fondamentaux du judo bas\u00e9s sur l\u2019<b>entraide<\/b> et la <b>prosp\u00e9rit\u00e9 mutuelle<\/b>.<\/li>\n<\/ul>\n<p align=\"center\"><a href=\"#bureau\">Le bureau de l&rsquo;association<\/a><br \/>\n<a href=\"#professeurs\">Les professeurs du club<\/a><br \/>\n<a href=\"#dojo\">Le Dojo<\/a><br \/>\n<a href=\"#code_moral\">Le code moral du Judo<\/a><\/p>\n<p><a title=\"dates\" name=\"activites\"><\/a><\/p>\n<h2>Les activit\u00e9s propos\u00e9es<\/h2>\n<ul>\n<li>La pratique du Judo, \u00e0 partir de 2 ans<\/li>\n<li>La pratique du Judo adapt\u00e9, pour les enfants (d\u00e8s 4 ans) ou adolescent(e)s atteints d\u2019autisme et ou de handicap mental<\/li>\n<li>La pratique du Jujitsu, \u00e0 partir de 6 ans<\/li>\n<li>Un espace musculation ouvert \u00e0 nos licenci\u00e9s<\/li>\n<\/ul>\n<p><a name=\"bureau\"><\/a><\/p>\n<h2>Le bureau de l&rsquo;association<\/h2>\n<table border=\"0\" cellpadding=\"3\" align=\"center\">\n<tbody>\n<tr>\n<td>&nbsp;<\/td>\n<td><strong>Fanny JAMBON-RIEU<br \/>\n<\/strong><\/td>\n<td>Pr\u00e9sidente<\/td>\n<\/tr>\n<tr>\n<td>&nbsp;<\/td>\n<td><strong>Philippe CARMONA<\/strong><\/td>\n<td>Vice-Pr\u00e9sident<\/td>\n<\/tr>\n<tr>\n<td>&nbsp;<\/td>\n<td><strong>Fr\u00e9d\u00e9ric GALLOT<\/strong><\/td>\n<td>Tr\u00e9sorier<\/td>\n<\/tr>\n<tr>\n<td>&nbsp;<\/td>\n<td><strong>Brandon RIEU<br \/>\n<\/strong><\/td>\n<td>Secr\u00e9taire<\/td>\n<\/tr>\n<\/tbody>\n<\/table>\n<p><a name=\"professeurs\"><\/a><\/p>\n<h2>L&rsquo;\u00e9quipe<\/h2>\n<p>&nbsp;<\/p>\n<table border=\"0\" cellpadding=\"5\" align=\"center\">\n<tbody>\n<tr>\n<td align=\"center\"><img loading=\"lazy\" decoding=\"async\" class=\"alignnone wp-image-2618\" src=\"http:\/\/www.dojo-anshin-arts-martiaux.org\/wordpress\/wp-content\/uploads\/2018\/08\/JC-254x300.png\" alt=\"\" width=\"105\" height=\"124\" srcset=\"http:\/\/www.dojo-anshin-arts-martiaux.org\/wordpress\/wp-content\/uploads\/2018\/08\/JC-254x300.png 254w, http:\/\/www.dojo-anshin-arts-martiaux.org\/wordpress\/wp-content\/uploads\/2018\/08\/JC-768x908.png 768w, http:\/\/www.dojo-anshin-arts-martiaux.org\/wordpress\/wp-content\/uploads\/2018\/08\/JC-866x1024.png 866w, http:\/\/www.dojo-anshin-arts-martiaux.org\/wordpress\/wp-content\/uploads\/2018\/08\/JC-676x800.png 676w, http:\/\/www.dojo-anshin-arts-martiaux.org\/wordpress\/wp-content\/uploads\/2018\/08\/JC.png 1553w\" sizes=\"auto, (max-width: 105px) 100vw, 105px\" \/><\/td>\n<td align=\"center\"><strong>Jean-Claude RIEU<\/strong> Professeur de Judo, JuJitsu, Ta\u00efso, self-d\u00e9fense <strong>Ceinture Noire 6\u00b0 Dan<\/strong><\/td>\n<\/tr>\n<tr>\n<td align=\"center\"><img loading=\"lazy\" decoding=\"async\" class=\"alignnone wp-image-2630\" src=\"http:\/\/www.dojo-anshin-arts-martiaux.org\/wordpress\/wp-content\/uploads\/2018\/08\/andr\u00e9-234x300.png\" alt=\"\" width=\"87\" height=\"111\" srcset=\"http:\/\/www.dojo-anshin-arts-martiaux.org\/wordpress\/wp-content\/uploads\/2018\/08\/andr\u00e9-234x300.png 234w, http:\/\/www.dojo-anshin-arts-martiaux.org\/wordpress\/wp-content\/uploads\/2018\/08\/andr\u00e9-768x985.png 768w, http:\/\/www.dojo-anshin-arts-martiaux.org\/wordpress\/wp-content\/uploads\/2018\/08\/andr\u00e9-799x1024.png 799w, http:\/\/www.dojo-anshin-arts-martiaux.org\/wordpress\/wp-content\/uploads\/2018\/08\/andr\u00e9-676x867.png 676w, http:\/\/www.dojo-anshin-arts-martiaux.org\/wordpress\/wp-content\/uploads\/2018\/08\/andr\u00e9.png 1105w\" sizes=\"auto, (max-width: 87px) 100vw, 87px\" \/><\/td>\n<td align=\"center\"><strong>Andr\u00e9 PEREZ<\/strong>&nbsp;Professeur de Judo-Jujitsu<strong> einture Noire 4\u00b0 Dan<br \/>\n<\/strong><\/td>\n<\/tr>\n<tr>\n<td align=\"center\">&nbsp;<\/td>\n<td align=\"center\">&nbsp;<\/td>\n<\/tr>\n<tr>\n<td align=\"center\"><img loading=\"lazy\" decoding=\"async\" class=\"alignnone wp-image-2649\" src=\"http:\/\/www.dojo-anshin-arts-martiaux.org\/wordpress\/wp-content\/uploads\/2018\/08\/alex-207x300.png\" alt=\"\" width=\"83\" height=\"120\" srcset=\"http:\/\/www.dojo-anshin-arts-martiaux.org\/wordpress\/wp-content\/uploads\/2018\/08\/alex-207x300.png 207w, http:\/\/www.dojo-anshin-arts-martiaux.org\/wordpress\/wp-content\/uploads\/2018\/08\/alex.png 307w\" sizes=\"auto, (max-width: 83px) 100vw, 83px\" \/><\/td>\n<td align=\"center\"><strong>Alexandre PEREZ<\/strong> Professeur de Judo &#8211; Jujitsu <strong>Ceinture Noire 2\u00b0 Dan, triple Champion de France et Champion d&rsquo;Europe par \u00e9quipe, champion du monde par \u00e9quipe, vice-champion du monde<br \/>\n<\/strong><\/td>\n<\/tr>\n<tr>\n<td align=\"center\"><img loading=\"lazy\" decoding=\"async\" class=\"alignnone wp-image-2621\" src=\"http:\/\/www.dojo-anshin-arts-martiaux.org\/wordpress\/wp-content\/uploads\/2018\/08\/IMG_0001-169x300.png\" alt=\"\" width=\"88\" height=\"157\" srcset=\"http:\/\/www.dojo-anshin-arts-martiaux.org\/wordpress\/wp-content\/uploads\/2018\/08\/IMG_0001-169x300.png 169w, http:\/\/www.dojo-anshin-arts-martiaux.org\/wordpress\/wp-content\/uploads\/2018\/08\/IMG_0001-577x1024.png 577w, http:\/\/www.dojo-anshin-arts-martiaux.org\/wordpress\/wp-content\/uploads\/2018\/08\/IMG_0001.png 640w\" sizes=\"auto, (max-width: 88px) 100vw, 88px\" \/><\/td>\n<td align=\"center\"><strong>Fanny JAMBON-RIEU<\/strong> Professeur de Judo-Jujitsu, Ta\u00efso, self-d\u00e9fense <strong>Ceinture noire 2\u00e8me Dan et Pr\u00e9sidente du Club<\/strong>&nbsp;<\/td>\n<\/tr>\n<\/tbody>\n<\/table>\n<p><a name=\"dojo\"><\/a><\/p>\n<h2>Le Dojo<\/h2>\n<p>Situ\u00e9 au 109-111 rue Joliot Curie &#8211; 69005 Lyon<\/p>\n<p>(entr\u00e9e au 111 rue Joliot curie)<\/p>\n<p><a name=\"code_moral\"><\/a><\/p>\n<h2>Le code moral du Judo<\/h2>\n<table cellspacing=\"5\">\n<tbody>\n<tr>\n<td rowspan=\"8\" align=\"center\" width=\"50%\"><img loading=\"lazy\" decoding=\"async\" src=\"\/images\/code_moral.jpg\" alt=\"\" width=\"152\" height=\"249\" border=\"0\"><\/td>\n<td align=\"center\" width=\"50%\"><strong>La Politesse<\/strong><br \/>\nC&rsquo;est le respect d&rsquo;autrui<\/td>\n<\/tr>\n<tr>\n<td align=\"center\"><strong>Le Courage<\/strong><br \/>\nC&rsquo;est faire ce qui est juste<\/td>\n<\/tr>\n<tr>\n<td align=\"center\"><strong>La Sinc\u00e9rit\u00e9<\/strong><br \/>\nC&rsquo;est s&rsquo;exprimer sans d\u00e9guiser sa pens\u00e9e<\/td>\n<\/tr>\n<tr>\n<td align=\"center\"><strong>Le Contr\u00f4le de Soi<\/strong><br \/>\nC&rsquo;est savoir se taire lorsque monte la col\u00e8re<\/td>\n<\/tr>\n<tr>\n<td align=\"center\"><strong>L&rsquo;Honneur<\/strong><br \/>\nC&rsquo;est \u00eatre fid\u00e8le \u00e0 la parole donn\u00e9e<\/td>\n<\/tr>\n<tr>\n<td align=\"center\"><strong>La Modestie<\/strong><br \/>\nC&rsquo;est parler de soi-m\u00eame sans orgueil<\/td>\n<\/tr>\n<tr>\n<td align=\"center\"><strong>L&rsquo;Amiti\u00e9<\/strong><br \/>\nC&rsquo;est le plus pur des sentiments humains<\/td>\n<\/tr>\n<tr>\n<td align=\"center\"><strong>Le Respect<\/strong><br \/>\nSans respect aucune confiance ne peut na\u00eetre<\/td>\n<\/tr>\n<\/tbody>\n<\/table>\n","protected":false},"excerpt":{"rendered":"<p>Le club est g\u00e9r\u00e9 par une association type 1901, avec pour objectifs: de d\u00e9velopper la pratique du Judo, du Jujitsu, disciplines sportives r\u00e9gies par la F.F.J.D.A (F\u00e9d\u00e9ration Fran\u00e7aise de Judo et Disciplines Associ\u00e9es), de promouvoir parmi ses membres le respect de l\u2019\u00e9thique sportive et l\u2019application des principes enseign\u00e9s par le code moral du Judo, de [&hellip;]<\/p>\n","protected":false},"author":3,"featured_media":0,"parent":0,"menu_order":10,"comment_status":"closed","ping_status":"closed","template":"","meta":{"ngg_post_thumbnail":0,"footnotes":""},"class_list":["post-16","page","type-page","status-publish","hentry"],"_links":{"self":[{"href":"http:\/\/www.dojo-anshin-arts-martiaux.org\/wordpress\/wp-json\/wp\/v2\/pages\/16","targetHints":{"allow":["GET"]}}],"collection":[{"href":"http:\/\/www.dojo-anshin-arts-martiaux.org\/wordpress\/wp-json\/wp\/v2\/pages"}],"about":[{"href":"http:\/\/www.dojo-anshin-arts-martiaux.org\/wordpress\/wp-json\/wp\/v2\/types\/page"}],"author":[{"embeddable":true,"href":"http:\/\/www.dojo-anshin-arts-martiaux.org\/wordpress\/wp-json\/wp\/v2\/users\/3"}],"replies":[{"embeddable":true,"href":"http:\/\/www.dojo-anshin-arts-martiaux.org\/wordpress\/wp-json\/wp\/v2\/comments?post=16"}],"version-history":[{"count":26,"href":"http:\/\/www.dojo-anshin-arts-martiaux.org\/wordpress\/wp-json\/wp\/v2\/pages\/16\/revisions"}],"predecessor-version":[{"id":3550,"href":"http:\/\/www.dojo-anshin-arts-martiaux.org\/wordpress\/wp-json\/wp\/v2\/pages\/16\/revisions\/3550"}],"wp:attachment":[{"href":"http:\/\/www.dojo-anshin-arts-martiaux.org\/wordpress\/wp-json\/wp\/v2\/media?parent=16"}],"curies":[{"name":"wp","href":"https:\/\/api.w.org\/{rel}","templated":true}]}}

<p>Le club est géré par une association type 1901, avec pour objectifs:</p>
<ul>
<li>de développer la pratique du J<b>udo</b>, du J<b>ujitsu</b>, disciplines sportives régies par la F.F.J.D.A (Fédération Française de Judo et Disciplines Associées),</li>
</ul>
<ul>
<li>de promouvoir parmi ses membres le <b>respect</b> de l’<b>éthique sportive</b> et l’application des principes enseignés par le <a href="#code_moral">code moral du Judo</a>,</li>
</ul>
<ul>
<li>de transmettre à ses membres les principes fondamentaux du judo basés sur l’<b>entraide</b> et la <b>prospérité mutuelle</b>.</li>
</ul>
<p align="center"><a href="#bureau">Le bureau de l&rsquo;association</a><br />
<a href="#professeurs">Les professeurs du club</a><br />
<a href="#dojo">Le Dojo</a><br />
<a href="#code_moral">Le code moral du Judo</a></p>
<p><a title="dates" name="activites"></a></p>
<h2>Les activités proposées</h2>
<ul>
<li>La pratique du Judo, à partir de 2 ans</li>
<li>La pratique du Judo adapté, pour les enfants (dès 4 ans) ou adolescent(e)s atteints d’autisme et ou de handicap mental</li>
<li>La pratique du Jujitsu, à partir de 6 ans</li>
<li>Un espace musculation ouvert à nos licenciés</li>
</ul>
<p><a name="bureau"></a></p>
<h2>Le bureau de l&rsquo;association</h2>
<table border="0" cellpadding="3" align="center">
<tbody>
<tr>
<td>&nbsp;</td>
<td><strong>Fanny JAMBON-RIEU<br />
</strong></td>
<td>Présidente</td>
</tr>
<tr>
<td>&nbsp;</td>
<td><strong>Philippe CARMONA</strong></td>
<td>Vice-Président</td>
</tr>
<tr>
<td>&nbsp;</td>
<td><strong>Frédéric GALLOT</strong></td>
<td>Trésorier</td>
</tr>
<tr>
<td>&nbsp;</td>
<td><strong>Brandon RIEU<br />
</strong></td>
<td>Secrétaire</td>
</tr>
</tbody>
</table>
<p><a name="professeurs"></a></p>
<h2>L&rsquo;équipe</h2>
<p>&nbsp;</p>
<table border="0" cellpadding="5" align="center">
<tbody>
<tr>
<td align="center"><img loading="lazy" decoding="async" class="alignnone wp-image-2618" src="http://www.dojo-anshin-arts-martiaux.org/wordpress/wp-content/uploads/2018/08/JC-254x300.png" alt="" width="105" height="124" srcset="http://www.dojo-anshin-arts-martiaux.org/wordpress/wp-content/uploads/2018/08/JC-254x300.png 254w, http://www.dojo-anshin-arts-martiaux.org/wordpress/wp-content/uploads/2018/08/JC-768x908.png 768w, http://www.dojo-anshin-arts-martiaux.org/wordpress/wp-content/uploads/2018/08/JC-866x1024.png 866w, http://www.dojo-anshin-arts-martiaux.org/wordpress/wp-content/uploads/2018/08/JC-676x800.png 676w, http://www.dojo-anshin-arts-martiaux.org/wordpress/wp-content/uploads/2018/08/JC.png 1553w" sizes="auto, (max-width: 105px) 100vw, 105px" /></td>
<td align="center"><strong>Jean-Claude RIEU</strong> Professeur de Judo, JuJitsu, Taïso, self-défense <strong>Ceinture Noire 6° Dan</strong></td>
</tr>
<tr>
<td align="center"><img loading="lazy" decoding="async" class="alignnone wp-image-2630" src="http://www.dojo-anshin-arts-martiaux.org/wordpress/wp-content/uploads/2018/08/andré-234x300.png" alt="" width="87" height="111" srcset="http://www.dojo-anshin-arts-martiaux.org/wordpress/wp-content/uploads/2018/08/andré-234x300.png 234w, http://www.dojo-anshin-arts-martiaux.org/wordpress/wp-content/uploads/2018/08/andré-768x985.png 768w, http://www.dojo-anshin-arts-martiaux.org/wordpress/wp-content/uploads/2018/08/andré-799x1024.png 799w, http://www.dojo-anshin-arts-martiaux.org/wordpress/wp-content/uploads/2018/08/andré-676x867.png 676w, http://www.dojo-anshin-arts-martiaux.org/wordpress/wp-content/uploads/2018/08/andré.png 1105w" sizes="auto, (max-width: 87px) 100vw, 87px" /></td>
<td align="center"><strong>André PEREZ</strong>&nbsp;Professeur de Judo-Jujitsu<strong> einture Noire 4° Dan<br />
</strong></td>
</tr>
<tr>
<td align="center">&nbsp;</td>
<td align="center">&nbsp;</td>
</tr>
<tr>
<td align="center"><img loading="lazy" decoding="async" class="alignnone wp-image-2649" src="http://www.dojo-anshin-arts-martiaux.org/wordpress/wp-content/uploads/2018/08/alex-207x300.png" alt="" width="83" height="120" srcset="http://www.dojo-anshin-arts-martiaux.org/wordpress/wp-content/uploads/2018/08/alex-207x300.png 207w, http://www.dojo-anshin-arts-martiaux.org/wordpress/wp-content/uploads/2018/08/alex.png 307w" sizes="auto, (max-width: 83px) 100vw, 83px" /></td>
<td align="center"><strong>Alexandre PEREZ</strong> Professeur de Judo &#8211; Jujitsu <strong>Ceinture Noire 2° Dan, triple Champion de France et Champion d&rsquo;Europe par équipe, champion du monde par équipe, vice-champion du monde<br />
</strong></td>
</tr>
<tr>
<td align="center"><img loading="lazy" decoding="async" class="alignnone wp-image-2621" src="http://www.dojo-anshin-arts-martiaux.org/wordpress/wp-content/uploads/2018/08/IMG_0001-169x300.png" alt="" width="88" height="157" srcset="http://www.dojo-anshin-arts-martiaux.org/wordpress/wp-content/uploads/2018/08/IMG_0001-169x300.png 169w, http://www.dojo-anshin-arts-martiaux.org/wordpress/wp-content/uploads/2018/08/IMG_0001-577x1024.png 577w, http://www.dojo-anshin-arts-martiaux.org/wordpress/wp-content/uploads/2018/08/IMG_0001.png 640w" sizes="auto, (max-width: 88px) 100vw, 88px" /></td>
<td align="center"><strong>Fanny JAMBON-RIEU</strong> Professeur de Judo-Jujitsu, Taïso, self-défense <strong>Ceinture noire 2ème Dan et Présidente du Club</strong>&nbsp;</td>
</tr>
</tbody>
</table>
<p><a name="dojo"></a></p>
<h2>Le Dojo</h2>
<p>Situé au 109-111 rue Joliot Curie &#8211; 69005 Lyon</p>
<p>(entrée au 111 rue Joliot curie)</p>
<p><a name="code_moral"></a></p>
<h2>Le code moral du Judo</h2>
<table cellspacing="5">
<tbody>
<tr>
<td rowspan="8" align="center" width="50%"><img loading="lazy" decoding="async" src="/images/code_moral.jpg" alt="" width="152" height="249" border="0"></td>
<td align="center" width="50%"><strong>La Politesse</strong><br />
C&rsquo;est le respect d&rsquo;autrui</td>
</tr>
<tr>
<td align="center"><strong>Le Courage</strong><br />
C&rsquo;est faire ce qui est juste</td>
</tr>
<tr>
<td align="center"><strong>La Sincérité</strong><br />
C&rsquo;est s&rsquo;exprimer sans déguiser sa pensée</td>
</tr>
<tr>
<td align="center"><strong>Le Contrôle de Soi</strong><br />
C&rsquo;est savoir se taire lorsque monte la colère</td>
</tr>
<tr>
<td align="center"><strong>L&rsquo;Honneur</strong><br />
C&rsquo;est être fidèle à la parole donnée</td>
</tr>
<tr>
<td align="center"><strong>La Modestie</strong><br />
C&rsquo;est parler de soi-même sans orgueil</td>
</tr>
<tr>
<td align="center"><strong>L&rsquo;Amitié</strong><br />
C&rsquo;est le plus pur des sentiments humains</td>
</tr>
<tr>
<td align="center"><strong>Le Respect</strong><br />
Sans respect aucune confiance ne peut naître</td>
</tr>
</tbody>
</table>

<p>Le club est géré par une association type 1901, avec pour objectifs: de développer la pratique du Judo, du Jujitsu, disciplines sportives régies par la F.F.J.D.A (Fédération Française de Judo et Disciplines Associées), de promouvoir parmi ses membres le respect de l’éthique sportive et l’application des principes enseignés par le code moral du Judo, de [&hellip;]</p>
