{"id":2589,"date":"2018-08-09T17:24:32","date_gmt":"2018-08-09T15:24:32","guid":{"rendered":"http:\/\/www.dojo-anshin-arts-martiaux.org\/wordpress\/?page_id=2589"},"modified":"2025-10-11T15:52:49","modified_gmt":"2025-10-11T13:52:49","slug":"pole-competition","status":"publish","type":"page","link":"http:\/\/www.dojo-anshin-arts-martiaux.org\/wordpress\/pole-competition\/","title":{"rendered":"P\u00f4le Comp\u00e9tition"},"content":{"rendered":"<p><img loading=\"lazy\" decoding=\"async\" class=\"alignright wp-image-2372\" src=\"http:\/\/www.dojo-anshin-arts-martiaux.org\/wordpress\/wp-content\/uploads\/2018\/04\/DSC_0358-1024x683.jpg\" alt=\"\" width=\"798\" height=\"532\" srcset=\"http:\/\/www.dojo-anshin-arts-martiaux.org\/wordpress\/wp-content\/uploads\/2018\/04\/DSC_0358-1024x683.jpg 1024w, http:\/\/www.dojo-anshin-arts-martiaux.org\/wordpress\/wp-content\/uploads\/2018\/04\/DSC_0358-300x200.jpg 300w, http:\/\/www.dojo-anshin-arts-martiaux.org\/wordpress\/wp-content\/uploads\/2018\/04\/DSC_0358-768x512.jpg 768w\" sizes=\"auto, (max-width: 798px) 100vw, 798px\" \/><strong>Le Dojo Anshin est un des clubs les plus performants en Jujitsu Combat.<\/strong><\/p>\n<p>Ainsi depuis quelques ann\u00e9es, une bonne dizaine de nos jeunes sont r\u00e9guli\u00e8rement appel\u00e9s en \u00e9quipe de France de Jujitsu Combat.<\/p>\n<h2>Quelques r\u00e9sultats obtenus r\u00e9cemment par les comp\u00e9titeurs du Dojo Anshin:<\/h2>\n<p><strong>Alexandre Perez:<\/strong><\/p>\n<ul>\n<li>3\u00e8me championnats du monde juniors 2015<\/li>\n<li>Vice champion du monde junior 2016<\/li>\n<li>Quintuple champion de France 2016-2017-2018-2021-2022<\/li>\n<li>3\u00e8me aux championnats d\u2019Europe seniors 2018<\/li>\n<li>Champion d\u2019Europe par \u00e9quipe 2018<\/li>\n<li>Vice champion du monde seniors 2018<\/li>\n<li>champion du monde par \u00e9quipe senior 2018<\/li>\n<li>Vice champion de France 2019 senior<\/li>\n<li>3\u00e8me aux championnats du monde 2019<\/li>\n<li>Champion du monde par \u00e9quipe 2019<\/li>\n<li>champion de France 2020<\/li>\n<li>champion de France 2021<\/li>\n<li>5\u00e8me aux championnats du monde 2021<\/li>\n<li>Champion de France 2022<\/li>\n<li>3\u00e8me aux championnats d\u2019Europe 2022&nbsp;<\/li>\n<li>vice-champion du Tournoi de Paris 2022<\/li>\n<li>3\u00e8me aux championnats du monde 2022<\/li>\n<li>champion de France 2023<\/li>\n<li>3\u00e8me au Grand Prix de Paris 2023<\/li>\n<\/ul>\n<p><strong>Elodie Barou<\/strong><\/p>\n<ul>\n<li>Vice championne du monde 2024<\/li>\n<li>championne d&rsquo;Europe 2025<\/li>\n<\/ul>\n<p><strong>Ylies Guarmit<\/strong><\/p>\n<ul>\n<li>Champion de France cadet 2025<\/li>\n<\/ul>\n<p><strong>Mohamed Cherif :<\/strong><\/p>\n<ul>\n<li>champion de France junior 2025<\/li>\n<li>champion de France cadet 2023<\/li>\n<li>12\u00e8me aux championnats d&rsquo;Europe cadets 2023<\/li>\n<li>s\u00e9lectionn\u00e9 aux championnats du monde cadets 2023<\/li>\n<\/ul>\n<p><strong>Azelia Hammache :<\/strong><\/p>\n<ul>\n<li>Championne de France 2025<\/li>\n<li>Vice championne du monde 2024<\/li>\n<li>championne de France cadette 2023<\/li>\n<li>9\u00e8me aux championnats d&rsquo;Europe cadets 2023<\/li>\n<li>s\u00e9lectionn\u00e9e pour les championnats du monde cadets 2023<\/li>\n<\/ul>\n<p><strong>Timoth\u00e9e Kapps :<\/strong><\/p>\n<ul>\n<li>champion d&rsquo;Europe 2024<\/li>\n<li>Champion du monde 2024<\/li>\n<li>Champion de France 2024<\/li>\n<li>vice-champion de France cadet 2023<\/li>\n<li>vice-champion d&rsquo;Europe cadet 2023<\/li>\n<li>S\u00e9lectionn\u00e9 pour les championnats du monde cadet 2023<\/li>\n<\/ul>\n<p><strong>Medhi Amine Taibi :<\/strong><\/p>\n<ul>\n<li>3\u00e8me aux championnats de France 2025<\/li>\n<li>champion de France cadet 2023<\/li>\n<li>NC aux championnats d&rsquo;Europe cadets 2023<\/li>\n<\/ul>\n<p><strong>Younes Saadli :<\/strong><\/p>\n<ul>\n<li>champion de France cadet 2023<\/li>\n<li>NC aux championnats d&rsquo;Europe cadets 2023<\/li>\n<\/ul>\n<p><strong>Justine Rieu:<\/strong><\/p>\n<ul>\n<li>Championne de France cadette 2018<\/li>\n<li>3\u00e8me aux championnats d&rsquo;Europe cadets 2018<\/li>\n<li>vice championne de France junior 2019<\/li>\n<li>3\u00e8me championnats de France juniors 2020<\/li>\n<\/ul>\n<p><strong>Lo\u00efc Butel:<\/strong><\/p>\n<ul>\n<li>3\u00e8me des championnats d&rsquo;Europe cadets 2016<\/li>\n<li>3\u00e8me des championnats du monde junior 2017<\/li>\n<li>Vice-champion de France 2017<\/li>\n<li>3\u00e8me du tournoi de Paris 2017<\/li>\n<li>3\u00e8me des championnats de France 2018<\/li>\n<li>champion d&rsquo;Europe junior 2018<\/li>\n<li>champion de France junior 2019<\/li>\n<\/ul>\n<p><strong>Martin Behem:<\/strong><\/p>\n<ul>\n<li>7\u00e8me aux championnats du monde juniors 2016<\/li>\n<li>3\u00e8me aux championnats de France seniors 2017<\/li>\n<li>3\u00e8me au Tournoi de Paris 2017<\/li>\n<li>-7\u00e8me aux championnats d\u2019Europe seniors 2018<\/li>\n<li>Champion d\u2019Europe senior par \u00e9quipe 2018<\/li>\n<li>5\u00e8me aux championnats d\u2019Europe junior 2018<\/li>\n<li>Champion de France junior 2019<\/li>\n<li>3\u00e8me aux championnats de France seniors 2019<\/li>\n<\/ul>\n<p><strong>Rayan Boughalmi:<\/strong><\/p>\n<ul>\n<li>7\u00e8me aux championnats du monde&nbsp; junior 2017<\/li>\n<li>3\u00e8me des championnats d&rsquo;Europe juniors 2017<\/li>\n<li>3\u00e8me aux championnats de France 2018<\/li>\n<li>champion d&rsquo;Europe junior 2018<\/li>\n<li>champion de France junior 2019<\/li>\n<\/ul>\n<p><strong>Carla Lebobe :<\/strong><\/p>\n<ul>\n<li>3\u00e8me aux championnats de France 2019<\/li>\n<li>Vice championne d\u2019Europe junior 2019<\/li>\n<li>5\u00e8me du Grand Slam de Paris 2019<\/li>\n<li>Vice championne de France junior 2020<\/li>\n<\/ul>\n<p><strong>Paul Moreau :<\/strong><\/p>\n<ul>\n<li>3\u00e8me championnats de France 2016<\/li>\n<li>5\u00e8me de l\u2019Open international d\u2019Allemagne 2016<\/li>\n<li>vice champion de France 2017<\/li>\n<\/ul>\n<h2>Un entrainement intensif pour des athl\u00e8tes de haut niveau:<\/h2>\n<p>En plus des entra\u00eenements muscl\u00e9s du p\u00f4le comp\u00e9tition, le Dojo organise r\u00e9guli\u00e8rement des stages au vert afin de parfaire la condition physique et le moral de nos champions.<\/p>\n<p><img loading=\"lazy\" decoding=\"async\" class=\"aligncenter wp-image-2291 size-full\" src=\"http:\/\/www.dojo-anshin-arts-martiaux.org\/wordpress\/wp-content\/uploads\/2018\/03\/DSC_0037.jpg\" alt=\"\" width=\"6000\" height=\"4000\" srcset=\"http:\/\/www.dojo-anshin-arts-martiaux.org\/wordpress\/wp-content\/uploads\/2018\/03\/DSC_0037.jpg 6000w, http:\/\/www.dojo-anshin-arts-martiaux.org\/wordpress\/wp-content\/uploads\/2018\/03\/DSC_0037-300x200.jpg 300w, http:\/\/www.dojo-anshin-arts-martiaux.org\/wordpress\/wp-content\/uploads\/2018\/03\/DSC_0037-768x512.jpg 768w, http:\/\/www.dojo-anshin-arts-martiaux.org\/wordpress\/wp-content\/uploads\/2018\/03\/DSC_0037-1024x683.jpg 1024w\" sizes=\"auto, (max-width: 6000px) 100vw, 6000px\" \/><\/p>\n<h2><img loading=\"lazy\" decoding=\"async\" class=\"aligncenter wp-image-2417 \" style=\"color: #333333; font-size: 16px; font-weight: 400;\" src=\"http:\/\/www.dojo-anshin-arts-martiaux.org\/wordpress\/wp-content\/uploads\/2018\/05\/IMG_5400.jpg\" alt=\"\" width=\"494\" height=\"659\" srcset=\"http:\/\/www.dojo-anshin-arts-martiaux.org\/wordpress\/wp-content\/uploads\/2018\/05\/IMG_5400.jpg 720w, http:\/\/www.dojo-anshin-arts-martiaux.org\/wordpress\/wp-content\/uploads\/2018\/05\/IMG_5400-225x300.jpg 225w\" sizes=\"auto, (max-width: 494px) 100vw, 494px\" \/><\/h2>\n<h2>La rel\u00e8ve est assur\u00e9e:<\/h2>\n<p>Nos poussins, benjamins, minimes et cadets qui le souhaitent participent \u00e0 de nombreux tournois en Auvergne-Rh\u00f4ne-Alpes, et l\u00e0 aussi, nos r\u00e9sultats sont int\u00e9ressants. Par exemple, lors des finales Rh\u00f4ne-Alpes en mai 2018,&nbsp; sur 12 combattants s\u00e9lectionn\u00e9s, et le club est revenu avec 10 m\u00e9dailles d&rsquo;or et 2 m\u00e9dailles d&rsquo;argent !<\/p>\n<p>Avec plusieurs centaines de jeunes inscrits, l&rsquo;avenir du club est assur\u00e9!<\/p>\n<p><img loading=\"lazy\" decoding=\"async\" class=\"aligncenter wp-image-2375 size-full\" src=\"http:\/\/www.dojo-anshin-arts-martiaux.org\/wordpress\/wp-content\/uploads\/2018\/04\/IMG_2436.jpg\" alt=\"\" width=\"960\" height=\"540\" srcset=\"http:\/\/www.dojo-anshin-arts-martiaux.org\/wordpress\/wp-content\/uploads\/2018\/04\/IMG_2436.jpg 960w, http:\/\/www.dojo-anshin-arts-martiaux.org\/wordpress\/wp-content\/uploads\/2018\/04\/IMG_2436-300x169.jpg 300w, http:\/\/www.dojo-anshin-arts-martiaux.org\/wordpress\/wp-content\/uploads\/2018\/04\/IMG_2436-768x432.jpg 768w\" sizes=\"auto, (max-width: 960px) 100vw, 960px\" \/><\/p>\n<p>&nbsp;<\/p>\n<p>&nbsp;<\/p>\n<p>&nbsp;<\/p>\n<p>&nbsp;<\/p>\n<p>&nbsp;<\/p>\n","protected":false},"excerpt":{"rendered":"<p>Le Dojo Anshin est un des clubs les plus performants en Jujitsu Combat. Ainsi depuis quelques ann\u00e9es, une bonne dizaine de nos jeunes sont r\u00e9guli\u00e8rement appel\u00e9s en \u00e9quipe de France de Jujitsu Combat. Quelques r\u00e9sultats obtenus r\u00e9cemment par les comp\u00e9titeurs du Dojo Anshin: Alexandre Perez: 3\u00e8me championnats du monde juniors 2015 Vice champion du monde [&hellip;]<\/p>\n","protected":false},"author":6,"featured_media":0,"parent":0,"menu_order":0,"comment_status":"closed","ping_status":"closed","template":"","meta":{"ngg_post_thumbnail":0,"footnotes":""},"class_list":["post-2589","page","type-page","status-publish","hentry"],"_links":{"self":[{"href":"http:\/\/www.dojo-anshin-arts-martiaux.org\/wordpress\/wp-json\/wp\/v2\/pages\/2589","targetHints":{"allow":["GET"]}}],"collection":[{"href":"http:\/\/www.dojo-anshin-arts-martiaux.org\/wordpress\/wp-json\/wp\/v2\/pages"}],"about":[{"href":"http:\/\/www.dojo-anshin-arts-martiaux.org\/wordpress\/wp-json\/wp\/v2\/types\/page"}],"author":[{"embeddable":true,"href":"http:\/\/www.dojo-anshin-arts-martiaux.org\/wordpress\/wp-json\/wp\/v2\/users\/6"}],"replies":[{"embeddable":true,"href":"http:\/\/www.dojo-anshin-arts-martiaux.org\/wordpress\/wp-json\/wp\/v2\/comments?post=2589"}],"version-history":[{"count":17,"href":"http:\/\/www.dojo-anshin-arts-martiaux.org\/wordpress\/wp-json\/wp\/v2\/pages\/2589\/revisions"}],"predecessor-version":[{"id":3737,"href":"http:\/\/www.dojo-anshin-arts-martiaux.org\/wordpress\/wp-json\/wp\/v2\/pages\/2589\/revisions\/3737"}],"wp:attachment":[{"href":"http:\/\/www.dojo-anshin-arts-martiaux.org\/wordpress\/wp-json\/wp\/v2\/media?parent=2589"}],"curies":[{"name":"wp","href":"https:\/\/api.w.org\/{rel}","templated":true}]}}

Pôle Compétition

<p><img loading="lazy" decoding="async" class="alignright wp-image-2372" src="http://www.dojo-anshin-arts-martiaux.org/wordpress/wp-content/uploads/2018/04/DSC_0358-1024x683.jpg" alt="" width="798" height="532" srcset="http://www.dojo-anshin-arts-martiaux.org/wordpress/wp-content/uploads/2018/04/DSC_0358-1024x683.jpg 1024w, http://www.dojo-anshin-arts-martiaux.org/wordpress/wp-content/uploads/2018/04/DSC_0358-300x200.jpg 300w, http://www.dojo-anshin-arts-martiaux.org/wordpress/wp-content/uploads/2018/04/DSC_0358-768x512.jpg 768w" sizes="auto, (max-width: 798px) 100vw, 798px" /><strong>Le Dojo Anshin est un des clubs les plus performants en Jujitsu Combat.</strong></p>
<p>Ainsi depuis quelques années, une bonne dizaine de nos jeunes sont régulièrement appelés en équipe de France de Jujitsu Combat.</p>
<h2>Quelques résultats obtenus récemment par les compétiteurs du Dojo Anshin:</h2>
<p><strong>Alexandre Perez:</strong></p>
<ul>
<li>3ème championnats du monde juniors 2015</li>
<li>Vice champion du monde junior 2016</li>
<li>Quintuple champion de France 2016-2017-2018-2021-2022</li>
<li>3ème aux championnats d’Europe seniors 2018</li>
<li>Champion d’Europe par équipe 2018</li>
<li>Vice champion du monde seniors 2018</li>
<li>champion du monde par équipe senior 2018</li>
<li>Vice champion de France 2019 senior</li>
<li>3ème aux championnats du monde 2019</li>
<li>Champion du monde par équipe 2019</li>
<li>champion de France 2020</li>
<li>champion de France 2021</li>
<li>5ème aux championnats du monde 2021</li>
<li>Champion de France 2022</li>
<li>3ème aux championnats d’Europe 2022&nbsp;</li>
<li>vice-champion du Tournoi de Paris 2022</li>
<li>3ème aux championnats du monde 2022</li>
<li>champion de France 2023</li>
<li>3ème au Grand Prix de Paris 2023</li>
</ul>
<p><strong>Elodie Barou</strong></p>
<ul>
<li>Vice championne du monde 2024</li>
<li>championne d&rsquo;Europe 2025</li>
</ul>
<p><strong>Ylies Guarmit</strong></p>
<ul>
<li>Champion de France cadet 2025</li>
</ul>
<p><strong>Mohamed Cherif :</strong></p>
<ul>
<li>champion de France junior 2025</li>
<li>champion de France cadet 2023</li>
<li>12ème aux championnats d&rsquo;Europe cadets 2023</li>
<li>sélectionné aux championnats du monde cadets 2023</li>
</ul>
<p><strong>Azelia Hammache :</strong></p>
<ul>
<li>Championne de France 2025</li>
<li>Vice championne du monde 2024</li>
<li>championne de France cadette 2023</li>
<li>9ème aux championnats d&rsquo;Europe cadets 2023</li>
<li>sélectionnée pour les championnats du monde cadets 2023</li>
</ul>
<p><strong>Timothée Kapps :</strong></p>
<ul>
<li>champion d&rsquo;Europe 2024</li>
<li>Champion du monde 2024</li>
<li>Champion de France 2024</li>
<li>vice-champion de France cadet 2023</li>
<li>vice-champion d&rsquo;Europe cadet 2023</li>
<li>Sélectionné pour les championnats du monde cadet 2023</li>
</ul>
<p><strong>Medhi Amine Taibi :</strong></p>
<ul>
<li>3ème aux championnats de France 2025</li>
<li>champion de France cadet 2023</li>
<li>NC aux championnats d&rsquo;Europe cadets 2023</li>
</ul>
<p><strong>Younes Saadli :</strong></p>
<ul>
<li>champion de France cadet 2023</li>
<li>NC aux championnats d&rsquo;Europe cadets 2023</li>
</ul>
<p><strong>Justine Rieu:</strong></p>
<ul>
<li>Championne de France cadette 2018</li>
<li>3ème aux championnats d&rsquo;Europe cadets 2018</li>
<li>vice championne de France junior 2019</li>
<li>3ème championnats de France juniors 2020</li>
</ul>
<p><strong>Loïc Butel:</strong></p>
<ul>
<li>3ème des championnats d&rsquo;Europe cadets 2016</li>
<li>3ème des championnats du monde junior 2017</li>
<li>Vice-champion de France 2017</li>
<li>3ème du tournoi de Paris 2017</li>
<li>3ème des championnats de France 2018</li>
<li>champion d&rsquo;Europe junior 2018</li>
<li>champion de France junior 2019</li>
</ul>
<p><strong>Martin Behem:</strong></p>
<ul>
<li>7ème aux championnats du monde juniors 2016</li>
<li>3ème aux championnats de France seniors 2017</li>
<li>3ème au Tournoi de Paris 2017</li>
<li>-7ème aux championnats d’Europe seniors 2018</li>
<li>Champion d’Europe senior par équipe 2018</li>
<li>5ème aux championnats d’Europe junior 2018</li>
<li>Champion de France junior 2019</li>
<li>3ème aux championnats de France seniors 2019</li>
</ul>
<p><strong>Rayan Boughalmi:</strong></p>
<ul>
<li>7ème aux championnats du monde&nbsp; junior 2017</li>
<li>3ème des championnats d&rsquo;Europe juniors 2017</li>
<li>3ème aux championnats de France 2018</li>
<li>champion d&rsquo;Europe junior 2018</li>
<li>champion de France junior 2019</li>
</ul>
<p><strong>Carla Lebobe :</strong></p>
<ul>
<li>3ème aux championnats de France 2019</li>
<li>Vice championne d’Europe junior 2019</li>
<li>5ème du Grand Slam de Paris 2019</li>
<li>Vice championne de France junior 2020</li>
</ul>
<p><strong>Paul Moreau :</strong></p>
<ul>
<li>3ème championnats de France 2016</li>
<li>5ème de l’Open international d’Allemagne 2016</li>
<li>vice champion de France 2017</li>
</ul>
<h2>Un entrainement intensif pour des athlètes de haut niveau:</h2>
<p>En plus des entraînements musclés du pôle compétition, le Dojo organise régulièrement des stages au vert afin de parfaire la condition physique et le moral de nos champions.</p>
<p><img loading="lazy" decoding="async" class="aligncenter wp-image-2291 size-full" src="http://www.dojo-anshin-arts-martiaux.org/wordpress/wp-content/uploads/2018/03/DSC_0037.jpg" alt="" width="6000" height="4000" srcset="http://www.dojo-anshin-arts-martiaux.org/wordpress/wp-content/uploads/2018/03/DSC_0037.jpg 6000w, http://www.dojo-anshin-arts-martiaux.org/wordpress/wp-content/uploads/2018/03/DSC_0037-300x200.jpg 300w, http://www.dojo-anshin-arts-martiaux.org/wordpress/wp-content/uploads/2018/03/DSC_0037-768x512.jpg 768w, http://www.dojo-anshin-arts-martiaux.org/wordpress/wp-content/uploads/2018/03/DSC_0037-1024x683.jpg 1024w" sizes="auto, (max-width: 6000px) 100vw, 6000px" /></p>
<h2><img loading="lazy" decoding="async" class="aligncenter wp-image-2417 " style="color: #333333; font-size: 16px; font-weight: 400;" src="http://www.dojo-anshin-arts-martiaux.org/wordpress/wp-content/uploads/2018/05/IMG_5400.jpg" alt="" width="494" height="659" srcset="http://www.dojo-anshin-arts-martiaux.org/wordpress/wp-content/uploads/2018/05/IMG_5400.jpg 720w, http://www.dojo-anshin-arts-martiaux.org/wordpress/wp-content/uploads/2018/05/IMG_5400-225x300.jpg 225w" sizes="auto, (max-width: 494px) 100vw, 494px" /></h2>
<h2>La relève est assurée:</h2>
<p>Nos poussins, benjamins, minimes et cadets qui le souhaitent participent à de nombreux tournois en Auvergne-Rhône-Alpes, et là aussi, nos résultats sont intéressants. Par exemple, lors des finales Rhône-Alpes en mai 2018,&nbsp; sur 12 combattants sélectionnés, et le club est revenu avec 10 médailles d&rsquo;or et 2 médailles d&rsquo;argent !</p>
<p>Avec plusieurs centaines de jeunes inscrits, l&rsquo;avenir du club est assuré!</p>
<p><img loading="lazy" decoding="async" class="aligncenter wp-image-2375 size-full" src="http://www.dojo-anshin-arts-martiaux.org/wordpress/wp-content/uploads/2018/04/IMG_2436.jpg" alt="" width="960" height="540" srcset="http://www.dojo-anshin-arts-martiaux.org/wordpress/wp-content/uploads/2018/04/IMG_2436.jpg 960w, http://www.dojo-anshin-arts-martiaux.org/wordpress/wp-content/uploads/2018/04/IMG_2436-300x169.jpg 300w, http://www.dojo-anshin-arts-martiaux.org/wordpress/wp-content/uploads/2018/04/IMG_2436-768x432.jpg 768w" sizes="auto, (max-width: 960px) 100vw, 960px" /></p>
<p>&nbsp;</p>
<p>&nbsp;</p>
<p>&nbsp;</p>
<p>&nbsp;</p>
<p>&nbsp;</p>

<p>Le Dojo Anshin est un des clubs les plus performants en Jujitsu Combat. Ainsi depuis quelques années, une bonne dizaine de nos jeunes sont régulièrement appelés en équipe de France de Jujitsu Combat. Quelques résultats obtenus récemment par les compétiteurs du Dojo Anshin: Alexandre Perez: 3ème championnats du monde juniors 2015 Vice champion du monde [&hellip;]</p>
