{"id":4,"date":"2011-05-07T07:38:08","date_gmt":"2011-05-07T07:38:08","guid":{"rendered":"http:\/\/www.dojo-anshin-arts-martiaux.org\/wordpress\/?page_id=4"},"modified":"2025-10-07T10:32:14","modified_gmt":"2025-10-07T08:32:14","slug":"contact","status":"publish","type":"page","link":"http:\/\/www.dojo-anshin-arts-martiaux.org\/wordpress\/contact\/","title":{"rendered":"Contact et adresse"},"content":{"rendered":"<h2 style=\"text-align: left;\" align=\"center\">Vous aimeriez un cours d&rsquo;essai gratuit?<\/h2>\n<p style=\"text-align: left;\" align=\"center\">Avec plaisir! Venez au dojo et vous serez accueilli dans la bonne humeur!<\/p>\n<p>Les horaires: <a href=\"http:\/\/www.dojo-anshin-arts-martiaux.org\/wordpress\/cours-tarifs\/\" target=\"_blank\" rel=\"noopener\">cliquez ici<\/a><\/p>\n<h3 style=\"text-align: left;\" align=\"center\">Adresse:<\/h3>\n<p style=\"text-align: left;\" align=\"center\">Dojo Anshin, 14 rue M\u00e8re Elisabeth Rivet, 69005 Lyon<\/p>\n<p align=\"center\">&nbsp;<\/p>\n<p><img loading=\"lazy\" decoding=\"async\" class=\"alignnone size-full wp-image-3730\" src=\"http:\/\/www.dojo-anshin-arts-martiaux.org\/wordpress\/wp-content\/uploads\/2025\/10\/Capture-decran-2025-10-07-103108.png\" alt=\"\" width=\"882\" height=\"462\" srcset=\"http:\/\/www.dojo-anshin-arts-martiaux.org\/wordpress\/wp-content\/uploads\/2025\/10\/Capture-decran-2025-10-07-103108.png 882w, http:\/\/www.dojo-anshin-arts-martiaux.org\/wordpress\/wp-content\/uploads\/2025\/10\/Capture-decran-2025-10-07-103108-300x157.png 300w, http:\/\/www.dojo-anshin-arts-martiaux.org\/wordpress\/wp-content\/uploads\/2025\/10\/Capture-decran-2025-10-07-103108-768x402.png 768w, http:\/\/www.dojo-anshin-arts-martiaux.org\/wordpress\/wp-content\/uploads\/2025\/10\/Capture-decran-2025-10-07-103108-676x354.png 676w\" sizes=\"auto, (max-width: 882px) 100vw, 882px\" \/><\/p>\n<h3>T\u00e9l\u00e9phone:<\/h3>\n<p>Appelez Fanny au : 06 84 52 68 21<\/p>\n<p>ou Jean-Claude au 06 89 21 40 73<\/p>\n<h3>Pour nous \u00e9crire un email:&nbsp;<\/h3>\n<p>dojoanshin.artsmartiaux@gmail.com<\/p>\n<table align=\"center\">\n<tbody>\n<tr>\n<td><img loading=\"lazy\" decoding=\"async\" src=\"\/images\/email_01.gif\" width=\"45\" height=\"52\" border=\"0\"><\/td>\n<td><script langage=\"javascript\" type=\"text\/javascript\" src=\"\/wordpress.js\"><\/script><\/td>\n<\/tr>\n<\/tbody>\n<\/table>\n<p>Ou alors laissez votre message:<\/p>\n<div class=\"contactform\">\n<form action=\"http:\/\/www.dojo-anshin-arts-martiaux.org\/wordpress\/contact\/\" method=\"post\">\n<div class=\"contactleft\"><label for=\"wpcf_your_name\">Votre nom :<\/label><\/div>\n<div class=\"contactright\"><input type=\"text\" name=\"wpcf_your_name\" id=\"wpcf_your_name\" size=\"30\" maxlength=\"50\" value=\"\" \/> (obligatoire)<\/div>\n<div class=\"contactleft\"><label for=\"wpcf_email\">Votre e-mail :<\/label><\/div>\n<div class=\"contactright\"><input type=\"text\" name=\"wpcf_email\" id=\"wpcf_email\" size=\"30\" maxlength=\"50\" value=\"\" \/> (obligatoire)<\/div>\n<div class=\"contactleft\"><label for=\"wpcf_website\">Votre site web :<\/label><\/div>\n<div class=\"contactright\"><input type=\"text\" name=\"wpcf_website\" id=\"wpcf_website\" size=\"30\" maxlength=\"100\" value=\"\" \/><\/div>\n<div class=\"contactleft\"><label for=\"wpcf_msg\">Votre message : <\/label><\/div>\n<div class=\"contactright\"><textarea name=\"wpcf_msg\" id=\"wpcf_msg\" cols=\"35\" rows=\"8\" ><\/textarea><\/div>\n<div class=\"contactright\"><input type=\"submit\" name=\"Submit\" value=\"Envoyer\" id=\"contactsubmit\" \/><input type=\"hidden\" name=\"wpcf_stage\" value=\"process\" \/><\/div>\n<\/p><\/form>\n<\/p><\/div>\n<div style=\"clear:both; height:1px;\">&nbsp;<\/div>\n","protected":false},"excerpt":{"rendered":"<p>Vous aimeriez un cours d&rsquo;essai gratuit? Avec plaisir! Venez au dojo et vous serez accueilli dans la bonne humeur! Les horaires: cliquez ici Adresse: Dojo Anshin, 14 rue M\u00e8re Elisabeth Rivet, 69005 Lyon &nbsp; T\u00e9l\u00e9phone: Appelez Fanny au : 06 84 52 68 21 ou Jean-Claude au 06 89 21 40 73 Pour nous \u00e9crire [&hellip;]<\/p>\n","protected":false},"author":3,"featured_media":0,"parent":0,"menu_order":50,"comment_status":"closed","ping_status":"closed","template":"template-nosidebar.php","meta":{"ngg_post_thumbnail":0,"footnotes":""},"class_list":["post-4","page","type-page","status-publish","hentry"],"_links":{"self":[{"href":"http:\/\/www.dojo-anshin-arts-martiaux.org\/wordpress\/wp-json\/wp\/v2\/pages\/4","targetHints":{"allow":["GET"]}}],"collection":[{"href":"http:\/\/www.dojo-anshin-arts-martiaux.org\/wordpress\/wp-json\/wp\/v2\/pages"}],"about":[{"href":"http:\/\/www.dojo-anshin-arts-martiaux.org\/wordpress\/wp-json\/wp\/v2\/types\/page"}],"author":[{"embeddable":true,"href":"http:\/\/www.dojo-anshin-arts-martiaux.org\/wordpress\/wp-json\/wp\/v2\/users\/3"}],"replies":[{"embeddable":true,"href":"http:\/\/www.dojo-anshin-arts-martiaux.org\/wordpress\/wp-json\/wp\/v2\/comments?post=4"}],"version-history":[{"count":10,"href":"http:\/\/www.dojo-anshin-arts-martiaux.org\/wordpress\/wp-json\/wp\/v2\/pages\/4\/revisions"}],"predecessor-version":[{"id":3731,"href":"http:\/\/www.dojo-anshin-arts-martiaux.org\/wordpress\/wp-json\/wp\/v2\/pages\/4\/revisions\/3731"}],"wp:attachment":[{"href":"http:\/\/www.dojo-anshin-arts-martiaux.org\/wordpress\/wp-json\/wp\/v2\/media?parent=4"}],"curies":[{"name":"wp","href":"https:\/\/api.w.org\/{rel}","templated":true}]}}